What is the highest common divisor of 1045 and 60665?
55
What is the greatest common factor of 582637 and 22?
11
What is the highest common factor of 10 and 2289170?
10
Calculate the highest common factor of 73 and 10877.
73
What is the highest common factor of 1 and 87121?
1
Calculate the greatest common divisor of 172 and 4677884.
172
What is the greatest common factor of 420 and 346080?
420
Calculate the highest common factor of 246 and 2543312.
82
Calculate the greatest common factor of 234 and 69134.
26
Calculate the greatest common factor of 14406 and 54.
6
What is the highest common factor of 531561 and 2004?
501
Calculate the highest common divisor of 47524 and 545.
109
Calculate the greatest common factor of 8 and 140612.
4
Calculate the greatest common divisor of 8500 and 386500.
500
Calculate the highest common factor of 5436 and 559002.
906
Calculate the greatest common divisor of 75 and 386275.
25
Calculate the greatest common factor of 11289 and 10437.
213
Calculate the highest common divisor of 162900 and 2.
2
Calculate the highest common divisor of 17010 and 450.
90
What is the greatest common divisor of 623473 and 808?
101
Calculate the highest common factor of 236 and 29.
1
What is the highest common divisor of 202072 and 210782?
1742
What is the greatest common divisor of 252 and 5404?
28
What is the highest common factor of 4416 and 13032?
24
Calculate the highest common factor of 156 and 139776.
156
Calculate the highest common factor of 1554 and 42.
42
Calculate the highest common factor of 2688 and 5145.
21
Calculate the greatest common factor of 19021 and 1104.
23
What is the greatest common divisor of 24794 and 220?
22
Calculate the highest common factor of 80885 and 420.
35
Calculate the greatest common divisor of 47849 and 472.
59
What is the greatest common factor of 675 and 417105?
45
What is the greatest common factor of 5746158 and 297?
99
What is the highest common divisor of 7088 and 1488?
16
Calculate the greatest common divisor of 7344 and 1890.
54
Calculate the greatest common divisor of 622926 and 27.
9
What is the highest common divisor of 30 and 140110?
10
Calculate the greatest common factor of 2958 and 14178.
102
What is the highest common factor of 36 and 11412?
36
What is the highest common factor of 250383 and 21?
21
Calculate the highest common divisor of 1254 and 351690.
114
Calculate the greatest common factor of 553464 and 234.
18
What is the greatest common divisor of 574 and 107051?
287
What is the greatest common divisor of 24840 and 3565?
115
Calculate the greatest common factor of 633 and 368617.
211
What is the greatest common divisor of 54306 and 40068?
126
Calculate the greatest common divisor of 568 and 8449.
71
What is the highest common divisor of 378 and 5052159?
189
Calculate the greatest common factor of 287 and 293929.
41
Calculate the greatest common factor of 784 and 94976.
112
What is the greatest common divisor of 14 and 236362?
14
Calculate the highest common factor of 81 and 278010.
9
What is the highest common divisor of 157 and 1269659?
157
Calculate the greatest common divisor of 113620 and 1900.
380
What is the greatest common divisor of 1639 and 143?
11
Calculate the greatest common divisor of 248 and 518072.
248
Calculate the highest common factor of 268663 and 161.
23
What is the highest common divisor of 2244 and 174471?
561
Calculate the highest common divisor of 194 and 99716.
194
What is the greatest common factor of 1563 and 316768?
521
Calculate the greatest common divisor of 2816 and 44672.
128
Calculate the highest common factor of 200 and 60992.
8
Calculate the highest common factor of 666 and 162.
18
Calculate the highest common factor of 62176 and 400.
16
Calculate the greatest common divisor of 43949 and 18570.
619
What is the greatest common divisor of 12 and 38454?
6
Calculate the greatest common factor of 6848 and 8.
8
Calculate the highest common divisor of 812 and 16.
4
Calculate the highest common factor of 440 and 19800.
440
What is the greatest common divisor of 17 and 1026443?
17
Calculate the greatest common divisor of 1020 and 2154.
6
What is the greatest common factor of 15635 and 530?
265
Calculate the greatest common factor of 192330 and 36.
18
Calculate the greatest common factor of 6259 and 1166.
11
What is the highest common divisor of 22240 and 64?
32
What is the greatest common factor of 39 and 39720?
3
What is the highest common factor of 299387 and 55?
11
What is the greatest common factor of 3 and 4375425?
3
Calculate the greatest common factor of 40831 and 798.
133
Calculate the greatest common divisor of 5356 and 3276.
52
Calculate the highest common factor of 318 and 44202.
318
Calculate the greatest common factor of 95 and 105583.
19
What is the highest common factor of 56604 and 13884?
1068
Calculate the highest common factor of 106617 and 147.
21
What is the highest common factor of 7458 and 792?
66
What is the highest common divisor of 110 and 30195?
55
Calculate the highest common factor of 1843 and 3857.
19
What is the highest common divisor of 20 and 238920?
20
What is the highest common divisor of 34308 and 468?
36
Calculate the greatest common factor of 1314 and 18688.
146
What is the greatest common divisor of 8 and 360056?
8
What is the highest common divisor of 7 and 11394348?
7
Calculate the greatest common divisor of 806455 and 16055.
1235
Calculate the highest common divisor of 38676 and 198.
66
Calculate the highest common divisor of 21 and 17696.
7
Calculate the greatest common factor of 119034 and 6224.
778
What is the greatest common factor of 122 and 2529914?
122
Calculate the greatest common divisor of 5940 and 17523.
297
What is the greatest common factor of 49220 and 220?
20
What is the highest common factor of 76 and 576099?
19
What is the greatest common divisor of 28734 and 3?
3
What is the greatest common factor of 16 and 616592?
16
What is the highest common factor of 1150 and 7291?
23
Calculate the greatest common factor of 1476 and 126774.
18
Calculate the greatest common divisor of 621 and 1588242.
69
What is the greatest common divisor of 1731072 and 672?
672
What is the highest common factor of 7980 and 246?
6
What is the greatest common divisor of 527 and 84?
1
What is the highest common divisor of 53430 and 120?
30
Calculate the highest common factor of 123849 and 99.
99
Calculate the greatest common factor of 26845 and 2485.
35
What is the highest common divisor of 15276 and 28743?
201
What is the highest common divisor of 490 and 54?
2
Calculate the greatest common divisor of 1720 and 25757.
43
What is the highest common factor of 55340 and 580?
20
Calculate the greatest common divisor of 13220 and 820.
20
Calculate the highest common divisor of 258970 and 376.
94
Calculate the highest common factor of 322 and 7658.
14
Calculate the greatest common factor of 474 and 4626.
6
Calculate the greatest common divisor of 5435994 and 6.
6
Calculate the highest common factor of 5343 and 41922.
411
Calculate the greatest common factor of 28353 and 2.
1
Calculate the greatest common divisor of 105170 and 208.
26
Calculate the greatest common divisor of 431 and 1034831.
431
What is the highest common factor of 14049 and 27?
9
Calculate the highest common divisor of 37422 and 1458.
486
Calculate the highest common divisor of 1134400 and 300.
100
Calculate the greatest common factor of 69 and 711597.
69
Calculate the greatest common factor of 670 and 8270.
10
Calculate the greatest common factor of 85 and 283730.
85
Calculate the greatest common factor of 6264 and 3456.
216
Calculate the greatest common factor of 144 and 418496.
16
Calculate the highest common factor of 58308 and 3483.
129
Calculate the highest common divisor of 2610 and 1110.
30
What is the highest common divisor of 575 and 15184025?
575
Calculate the highest common divisor of 555 and 43068.
111
Calculate the highest common divisor of 1480 and 83805.
185
What is the highest common divisor of 10767 and 29294?
97
What is the greatest common divisor of 15015 and 312?
39
Calculate the highest common divisor of 533565 and 501.
501
What is the highest common factor of 130 and 30212?
26
Calculate the greatest common divisor of 998693 and 236.
5